{"id":51,"date":"2023-02-02T08:50:53","date_gmt":"2023-02-02T07:50:53","guid":{"rendered":"http:\/\/gauledescoudans.fr\/?page_id=51"},"modified":"2025-05-05T10:45:24","modified_gmt":"2025-05-05T08:45:24","slug":"le-lac-de-la-pisserotte","status":"publish","type":"page","link":"https:\/\/gauledescoudans.fr\/index.php\/le-lac-de-la-pisserotte\/","title":{"rendered":"Le lac de la Pisserotte"},"content":{"rendered":"\n<p><strong>Black-bass, saumons de fontaine, truites arc-en-ciel<\/strong> <strong>et poissons blancs<\/strong><\/p>\n\n\n\n<figure class=\"wp-block-image size-large\"><img loading=\"lazy\" decoding=\"async\" width=\"1024\" height=\"400\" src=\"http:\/\/gauledescoudans.fr\/wp-content\/uploads\/2023\/02\/ST-Bandeau-lac-gele-1024x400.jpg\" alt=\"\" class=\"wp-image-70\" srcset=\"https:\/\/gauledescoudans.fr\/wp-content\/uploads\/2023\/02\/ST-Bandeau-lac-gele-1024x400.jpg 1024w, https:\/\/gauledescoudans.fr\/wp-content\/uploads\/2023\/02\/ST-Bandeau-lac-gele-300x117.jpg 300w, https:\/\/gauledescoudans.fr\/wp-content\/uploads\/2023\/02\/ST-Bandeau-lac-gele-768x300.jpg 768w, https:\/\/gauledescoudans.fr\/wp-content\/uploads\/2023\/02\/ST-Bandeau-lac-gele-1536x600.jpg 1536w, https:\/\/gauledescoudans.fr\/wp-content\/uploads\/2023\/02\/ST-Bandeau-lac-gele-2048x799.jpg 2048w\" sizes=\"auto, (max-width: 1024px) 100vw, 1024px\" \/><\/figure>\n\n\n\n<p>Situ\u00e9 sur la commune de St Thibaud de Couz, sur la RN6 entre Chamb\u00e9ry et Les Echelles, ce lac de 1,8 hectares a \u00e9t\u00e9 r\u00e9alis\u00e9 en 1996.&nbsp; Le site de 4,5 hectares appartient pour les 3\/4 \u00e0 La Gaule des Coudans et le 1\/4 \u00e0 la commune de St Thibaud.<\/p>\n\n\n\n<p><strong>La p\u00eache est ouverte toute l&#8217;ann\u00e9e<\/strong> <em>(sauf celle du black-bass uniquement qui est ferm\u00e9e durant un mois en mai ou juin)<\/em>. Le lac est un enclos piscicole, la taxe CPMA n&#8217;est donc pas exig\u00e9e.<\/p>\n\n\n\n<p class=\"has-text-align-center has-contrast-color has-luminous-vivid-orange-background-color has-text-color has-background has-link-color wp-elements-53af2b1d5d9f36c7ac41fb5ae9fbbfe2\"><strong>La fermeture du black-bass est ferm\u00e9e du 5 mai au 5 juin <\/strong><\/p>\n\n\n\n<p><\/p>\n\n\n\n<figure class=\"wp-block-image size-large\"><img loading=\"lazy\" decoding=\"async\" width=\"1024\" height=\"269\" src=\"http:\/\/gauledescoudans.fr\/wp-content\/uploads\/2023\/02\/bandeau-lac-2-1024x269.jpg\" alt=\"\" class=\"wp-image-75\" srcset=\"https:\/\/gauledescoudans.fr\/wp-content\/uploads\/2023\/02\/bandeau-lac-2-1024x269.jpg 1024w, https:\/\/gauledescoudans.fr\/wp-content\/uploads\/2023\/02\/bandeau-lac-2-300x79.jpg 300w, https:\/\/gauledescoudans.fr\/wp-content\/uploads\/2023\/02\/bandeau-lac-2-768x202.jpg 768w, https:\/\/gauledescoudans.fr\/wp-content\/uploads\/2023\/02\/bandeau-lac-2.jpg 1080w\" sizes=\"auto, (max-width: 1024px) 100vw, 1024px\" \/><\/figure>\n\n\n\n<p class=\"has-text-align-center\"><strong><u>Les esp\u00e8ces de poissons pr\u00e9sentes :<\/u><\/strong><\/p>\n\n\n\n<ul class=\"wp-block-list\">\n<li>Gardons, rotengles, tanches, <strong>black-bass<\/strong>, <strong>truites arc-en-ciel<\/strong> , <strong>saumons de fontaine<\/strong>, amours blancs.<\/li>\n\n\n\n<li>Le brochet et la perche soleil sont pr\u00e9sents mais ind\u00e9sirables car ils perturbent la population de black bass.<\/li>\n\n\n\n<li>On trouve \u00e9galement une population d&#8217;\u00e9crevisses \u00e0 pieds rouges , malmen\u00e9e par les black-bass.<\/li>\n<\/ul>\n\n\n\n<p><\/p>\n\n\n\n<p class=\"has-text-align-center\"><strong>Limite journali\u00e8re des captures :<\/strong> <strong>2 poissons nobles maxi (black bass + salmonid\u00e9)<\/strong><\/p>\n\n\n\n<ul class=\"wp-block-list\">\n<li><strong>Brochets et perches soleil ne doivent pas \u00eatre remis \u00e0 l&#8217;eau<\/strong><\/li>\n\n\n\n<li><strong>1 seule canne par p\u00eacheur, amor\u00e7age interdit, pas de p\u00eache au vif.<\/strong><\/li>\n\n\n\n<li><strong>Pas de bourriche pour les salmonid\u00e9s<\/strong><\/li>\n\n\n\n<li><strong>On ne p\u00e9n\u00e8tre pas dans la roseli\u00e8re.<\/strong><\/li>\n<\/ul>\n\n\n\n<p><\/p>\n\n\n\n<p><strong>La p\u00eache aux \u00e9crevisses est elle aussi interdite<\/strong>. S&#8217;il arrive qu&#8217;une de ces petites b\u00eates s&#8217;accrochent \u00e0 vos app\u00e2ts, il faut la rel\u00e2cher imm\u00e9diatement mais <strong>ne jamais la remettre directement \u00e0 l&#8217;eau : de l&#8217;air, pi\u00e9g\u00e9 dans son thorax ne peut s&#8217;\u00e9chapper et elle risque d&#8217;en mourir. Il suffit de la poser sur la berge, elle se d\u00e9brouillera tr\u00e8s bien<\/strong> <strong><em>(cf article Mr Martin, bulletin n\u00b018).<\/em><\/strong><\/p>\n\n\n\n<p><strong>Quant aux &#8220;amours blancs&#8221;, ils ont \u00e9t\u00e9 introduits pour \u00e9viter que trop d&#8217;herbes ne se d\u00e9veloppent !<\/strong><\/p>\n\n\n\n<p><strong>Ces carpes amour sont donc elles-aussi prot\u00e9g\u00e9es \u00e0 la Pisserotte&#8230;<\/strong><\/p>\n\n\n\n<p><\/p>\n\n\n\n<figure class=\"wp-block-image size-large\"><img loading=\"lazy\" decoding=\"async\" width=\"1024\" height=\"768\" src=\"http:\/\/gauledescoudans.fr\/wp-content\/uploads\/2023\/02\/20191013_113608-1024x768.jpg\" alt=\"\" class=\"wp-image-74\" srcset=\"https:\/\/gauledescoudans.fr\/wp-content\/uploads\/2023\/02\/20191013_113608-1024x768.jpg 1024w, https:\/\/gauledescoudans.fr\/wp-content\/uploads\/2023\/02\/20191013_113608-300x225.jpg 300w, https:\/\/gauledescoudans.fr\/wp-content\/uploads\/2023\/02\/20191013_113608-768x576.jpg 768w, https:\/\/gauledescoudans.fr\/wp-content\/uploads\/2023\/02\/20191013_113608-1536x1152.jpg 1536w, https:\/\/gauledescoudans.fr\/wp-content\/uploads\/2023\/02\/20191013_113608-2048x1536.jpg 2048w\" sizes=\"auto, (max-width: 1024px) 100vw, 1024px\" \/><\/figure>\n","protected":false},"excerpt":{"rendered":"<p>Black-bass, saumons de fontaine, truites arc-en-ciel et poissons blancs Situ\u00e9 sur la commune de St Thibaud de Couz, sur la RN6 entre Chamb\u00e9ry et Les Echelles, ce lac de 1,8 hectares a \u00e9t\u00e9 r\u00e9alis\u00e9 en 1996.&nbsp; Le site de 4,5 hectares appartient pour les 3\/4 \u00e0 La Gaule des Coudans et le 1\/4 \u00e0 la [&hellip;]<\/p>\n","protected":false},"author":1,"featured_media":0,"parent":0,"menu_order":4,"comment_status":"closed","ping_status":"closed","template":"","meta":{"footnotes":""},"class_list":["post-51","page","type-page","status-publish","hentry"],"_links":{"self":[{"href":"https:\/\/gauledescoudans.fr\/index.php\/wp-json\/wp\/v2\/pages\/51","targetHints":{"allow":["GET"]}}],"collection":[{"href":"https:\/\/gauledescoudans.fr\/index.php\/wp-json\/wp\/v2\/pages"}],"about":[{"href":"https:\/\/gauledescoudans.fr\/index.php\/wp-json\/wp\/v2\/types\/page"}],"author":[{"embeddable":true,"href":"https:\/\/gauledescoudans.fr\/index.php\/wp-json\/wp\/v2\/users\/1"}],"replies":[{"embeddable":true,"href":"https:\/\/gauledescoudans.fr\/index.php\/wp-json\/wp\/v2\/comments?post=51"}],"version-history":[{"count":5,"href":"https:\/\/gauledescoudans.fr\/index.php\/wp-json\/wp\/v2\/pages\/51\/revisions"}],"predecessor-version":[{"id":978,"href":"https:\/\/gauledescoudans.fr\/index.php\/wp-json\/wp\/v2\/pages\/51\/revisions\/978"}],"wp:attachment":[{"href":"https:\/\/gauledescoudans.fr\/index.php\/wp-json\/wp\/v2\/media?parent=51"}],"curies":[{"name":"wp","href":"https:\/\/api.w.org\/{rel}","templated":true}]}}

<p><strong>Black-bass, saumons de fontaine, truites arc-en-ciel</strong> <strong>et poissons blancs</strong></p>



<figure class="wp-block-image size-large"><img loading="lazy" decoding="async" width="1024" height="400" src="http://gauledescoudans.fr/wp-content/uploads/2023/02/ST-Bandeau-lac-gele-1024x400.jpg" alt="" class="wp-image-70" srcset="https://gauledescoudans.fr/wp-content/uploads/2023/02/ST-Bandeau-lac-gele-1024x400.jpg 1024w, https://gauledescoudans.fr/wp-content/uploads/2023/02/ST-Bandeau-lac-gele-300x117.jpg 300w, https://gauledescoudans.fr/wp-content/uploads/2023/02/ST-Bandeau-lac-gele-768x300.jpg 768w, https://gauledescoudans.fr/wp-content/uploads/2023/02/ST-Bandeau-lac-gele-1536x600.jpg 1536w, https://gauledescoudans.fr/wp-content/uploads/2023/02/ST-Bandeau-lac-gele-2048x799.jpg 2048w" sizes="auto, (max-width: 1024px) 100vw, 1024px" /></figure>



<p>Situé sur la commune de St Thibaud de Couz, sur la RN6 entre Chambéry et Les Echelles, ce lac de 1,8 hectares a été réalisé en 1996.&nbsp; Le site de 4,5 hectares appartient pour les 3/4 à La Gaule des Coudans et le 1/4 à la commune de St Thibaud.</p>



<p><strong>La pêche est ouverte toute l&#8217;année</strong> <em>(sauf celle du black-bass uniquement qui est fermée durant un mois en mai ou juin)</em>. Le lac est un enclos piscicole, la taxe CPMA n&#8217;est donc pas exigée.</p>



<p class="has-text-align-center has-contrast-color has-luminous-vivid-orange-background-color has-text-color has-background has-link-color wp-elements-53af2b1d5d9f36c7ac41fb5ae9fbbfe2"><strong>La fermeture du black-bass est fermée du 5 mai au 5 juin </strong></p>



<p></p>



<figure class="wp-block-image size-large"><img loading="lazy" decoding="async" width="1024" height="269" src="http://gauledescoudans.fr/wp-content/uploads/2023/02/bandeau-lac-2-1024x269.jpg" alt="" class="wp-image-75" srcset="https://gauledescoudans.fr/wp-content/uploads/2023/02/bandeau-lac-2-1024x269.jpg 1024w, https://gauledescoudans.fr/wp-content/uploads/2023/02/bandeau-lac-2-300x79.jpg 300w, https://gauledescoudans.fr/wp-content/uploads/2023/02/bandeau-lac-2-768x202.jpg 768w, https://gauledescoudans.fr/wp-content/uploads/2023/02/bandeau-lac-2.jpg 1080w" sizes="auto, (max-width: 1024px) 100vw, 1024px" /></figure>



<p class="has-text-align-center"><strong><u>Les espèces de poissons présentes :</u></strong></p>



<ul class="wp-block-list">
<li>Gardons, rotengles, tanches, <strong>black-bass</strong>, <strong>truites arc-en-ciel</strong> , <strong>saumons de fontaine</strong>, amours blancs.</li>



<li>Le brochet et la perche soleil sont présents mais indésirables car ils perturbent la population de black bass.</li>



<li>On trouve également une population d&#8217;écrevisses à pieds rouges , malmenée par les black-bass.</li>
</ul>



<p></p>



<p class="has-text-align-center"><strong>Limite journalière des captures :</strong> <strong>2 poissons nobles maxi (black bass + salmonidé)</strong></p>



<ul class="wp-block-list">
<li><strong>Brochets et perches soleil ne doivent pas être remis à l&#8217;eau</strong></li>



<li><strong>1 seule canne par pêcheur, amorçage interdit, pas de pêche au vif.</strong></li>



<li><strong>Pas de bourriche pour les salmonidés</strong></li>



<li><strong>On ne pénètre pas dans la roselière.</strong></li>
</ul>



<p></p>



<p><strong>La pêche aux écrevisses est elle aussi interdite</strong>. S&#8217;il arrive qu&#8217;une de ces petites bêtes s&#8217;accrochent à vos appâts, il faut la relâcher immédiatement mais <strong>ne jamais la remettre directement à l&#8217;eau : de l&#8217;air, piégé dans son thorax ne peut s&#8217;échapper et elle risque d&#8217;en mourir. Il suffit de la poser sur la berge, elle se débrouillera très bien</strong> <strong><em>(cf article Mr Martin, bulletin n°18).</em></strong></p>



<p><strong>Quant aux &#8220;amours blancs&#8221;, ils ont été introduits pour éviter que trop d&#8217;herbes ne se développent !</strong></p>



<p><strong>Ces carpes amour sont donc elles-aussi protégées à la Pisserotte&#8230;</strong></p>



<p></p>



<figure class="wp-block-image size-large"><img loading="lazy" decoding="async" width="1024" height="768" src="http://gauledescoudans.fr/wp-content/uploads/2023/02/20191013_113608-1024x768.jpg" alt="" class="wp-image-74" srcset="https://gauledescoudans.fr/wp-content/uploads/2023/02/20191013_113608-1024x768.jpg 1024w, https://gauledescoudans.fr/wp-content/uploads/2023/02/20191013_113608-300x225.jpg 300w, https://gauledescoudans.fr/wp-content/uploads/2023/02/20191013_113608-768x576.jpg 768w, https://gauledescoudans.fr/wp-content/uploads/2023/02/20191013_113608-1536x1152.jpg 1536w, https://gauledescoudans.fr/wp-content/uploads/2023/02/20191013_113608-2048x1536.jpg 2048w" sizes="auto, (max-width: 1024px) 100vw, 1024px" /></figure>

<p>Black-bass, saumons de fontaine, truites arc-en-ciel et poissons blancs Situé sur la commune de St Thibaud de Couz, sur la RN6 entre Chambéry et Les Echelles, ce lac de 1,8 hectares a été réalisé en 1996.&nbsp; Le site de 4,5 hectares appartient pour les 3/4 à La Gaule des Coudans et le 1/4 à la [&hellip;]</p>
