{"id":232,"date":"2023-02-07T15:23:37","date_gmt":"2023-02-07T14:23:37","guid":{"rendered":"http:\/\/gauledescoudans.fr\/?page_id=232"},"modified":"2023-02-08T15:36:16","modified_gmt":"2023-02-08T14:36:16","slug":"recompenses-et-distinctions","status":"publish","type":"page","link":"https:\/\/gauledescoudans.fr\/index.php\/la-riviere\/recompenses-et-distinctions\/","title":{"rendered":"R\u00e9compenses et distinctions"},"content":{"rendered":"\n<p><\/p>\n\n\n\n<div class=\"wp-block-media-text alignwide is-stacked-on-mobile has-very-light-gray-to-cyan-bluish-gray-gradient-background has-background\" style=\"grid-template-columns:29% auto\"><figure class=\"wp-block-media-text__media\"><img loading=\"lazy\" decoding=\"async\" width=\"610\" height=\"446\" src=\"http:\/\/gauledescoudans.fr\/wp-content\/uploads\/2023\/02\/trophee.png\" alt=\"\" class=\"wp-image-233 size-full\" srcset=\"https:\/\/gauledescoudans.fr\/wp-content\/uploads\/2023\/02\/trophee.png 610w, https:\/\/gauledescoudans.fr\/wp-content\/uploads\/2023\/02\/trophee-300x219.png 300w\" sizes=\"auto, (max-width: 610px) 100vw, 610px\" \/><\/figure><div class=\"wp-block-media-text__content\">\n<p class=\"has-text-align-center has-large-font-size\"><strong>Prix Halieutica 2004<\/strong><\/p>\n\n\n\n<p>Pour la <strong>r\u00e9introduction de l&#8217;\u00e9crevisse<\/strong> \u00e0 pattes blanches dans la Vall\u00e9e de Couz .<\/p>\n\n\n\n<p>Prix remis par Claude ROUSTAN, Pr\u00e9sident de la F\u00e9d\u00e9ration Nationale de P\u00eache.<\/p>\n<\/div><\/div>\n\n\n\n<div class=\"wp-block-media-text alignwide has-media-on-the-right is-stacked-on-mobile\" style=\"grid-template-columns:auto 34%\"><div class=\"wp-block-media-text__content\">\n<p class=\"has-text-align-center has-large-font-size\"><strong>Prix Charles Ritz 2005<\/strong><\/p>\n\n\n\n<p>Pour la <strong>gestion patrimoniale<\/strong> des ruisseaux, prix&nbsp;international ou 7 nations \u00e9taient repr\u00e9sent\u00e9es.<\/p>\n\n\n\n<p>Prix remis par le Pr\u00e9sident du Jury et le Pr\u00e9sident de l&#8217;Internationnal Fario Club \u00e0 Paris<\/p>\n<\/div><figure class=\"wp-block-media-text__media\"><img loading=\"lazy\" decoding=\"async\" width=\"551\" height=\"284\" src=\"http:\/\/gauledescoudans.fr\/wp-content\/uploads\/2023\/02\/trophee-2.png\" alt=\"\" class=\"wp-image-234 size-full\" srcset=\"https:\/\/gauledescoudans.fr\/wp-content\/uploads\/2023\/02\/trophee-2.png 551w, https:\/\/gauledescoudans.fr\/wp-content\/uploads\/2023\/02\/trophee-2-300x155.png 300w\" sizes=\"auto, (max-width: 551px) 100vw, 551px\" \/><\/figure><\/div>\n\n\n\n<div class=\"wp-block-media-text alignwide is-stacked-on-mobile has-very-light-gray-to-cyan-bluish-gray-gradient-background has-background\" style=\"grid-template-columns:26% auto\"><figure class=\"wp-block-media-text__media\"><img loading=\"lazy\" decoding=\"async\" width=\"551\" height=\"372\" src=\"http:\/\/gauledescoudans.fr\/wp-content\/uploads\/2023\/02\/trophee-3.png\" alt=\"\" class=\"wp-image-235 size-full\" srcset=\"https:\/\/gauledescoudans.fr\/wp-content\/uploads\/2023\/02\/trophee-3.png 551w, https:\/\/gauledescoudans.fr\/wp-content\/uploads\/2023\/02\/trophee-3-300x203.png 300w\" sizes=\"auto, (max-width: 551px) 100vw, 551px\" \/><\/figure><div class=\"wp-block-media-text__content\">\n<p class=\"has-text-align-center has-large-font-size\"><strong>M\u00e9daille d\u2019honneur du D\u00e9partement<\/strong><\/p>\n\n\n\n<p class=\"has-text-align-center has-large-font-size\"><strong>pour le d\u00e9veloppement durable<\/strong>,<\/p>\n\n\n\n<p>\ufeffremise en 2005 par <strong>Jean Pierre VIAL<\/strong>, Pr\u00e9sident du Conseil G\u00e9n\u00e9ral.<\/p>\n<\/div><\/div>\n","protected":false},"excerpt":{"rendered":"<p>Prix Halieutica 2004 Pour la r\u00e9introduction de l&#8217;\u00e9crevisse \u00e0 pattes blanches dans la Vall\u00e9e de Couz . Prix remis par Claude ROUSTAN, Pr\u00e9sident de la F\u00e9d\u00e9ration Nationale de P\u00eache. Prix Charles Ritz 2005 Pour la gestion patrimoniale des ruisseaux, prix&nbsp;international ou 7 nations \u00e9taient repr\u00e9sent\u00e9es. Prix remis par le Pr\u00e9sident du Jury et le Pr\u00e9sident [&hellip;]<\/p>\n","protected":false},"author":1,"featured_media":0,"parent":49,"menu_order":4,"comment_status":"closed","ping_status":"closed","template":"","meta":{"footnotes":""},"class_list":["post-232","page","type-page","status-publish","hentry"],"_links":{"self":[{"href":"https:\/\/gauledescoudans.fr\/index.php\/wp-json\/wp\/v2\/pages\/232","targetHints":{"allow":["GET"]}}],"collection":[{"href":"https:\/\/gauledescoudans.fr\/index.php\/wp-json\/wp\/v2\/pages"}],"about":[{"href":"https:\/\/gauledescoudans.fr\/index.php\/wp-json\/wp\/v2\/types\/page"}],"author":[{"embeddable":true,"href":"https:\/\/gauledescoudans.fr\/index.php\/wp-json\/wp\/v2\/users\/1"}],"replies":[{"embeddable":true,"href":"https:\/\/gauledescoudans.fr\/index.php\/wp-json\/wp\/v2\/comments?post=232"}],"version-history":[{"count":1,"href":"https:\/\/gauledescoudans.fr\/index.php\/wp-json\/wp\/v2\/pages\/232\/revisions"}],"predecessor-version":[{"id":236,"href":"https:\/\/gauledescoudans.fr\/index.php\/wp-json\/wp\/v2\/pages\/232\/revisions\/236"}],"up":[{"embeddable":true,"href":"https:\/\/gauledescoudans.fr\/index.php\/wp-json\/wp\/v2\/pages\/49"}],"wp:attachment":[{"href":"https:\/\/gauledescoudans.fr\/index.php\/wp-json\/wp\/v2\/media?parent=232"}],"curies":[{"name":"wp","href":"https:\/\/api.w.org\/{rel}","templated":true}]}}