{"id":118,"date":"2023-02-04T07:23:36","date_gmt":"2023-02-04T06:23:36","guid":{"rendered":"http:\/\/gauledescoudans.fr\/?page_id=118"},"modified":"2023-02-04T07:23:36","modified_gmt":"2023-02-04T06:23:36","slug":"la-pisciculture","status":"publish","type":"page","link":"https:\/\/gauledescoudans.fr\/index.php\/la-riviere\/la-pisciculture\/","title":{"rendered":"La pisciculture"},"content":{"rendered":"\n<figure class=\"wp-block-image size-large\"><img loading=\"lazy\" decoding=\"async\" width=\"1024\" height=\"247\" src=\"http:\/\/gauledescoudans.fr\/wp-content\/uploads\/2023\/02\/ST-pisciculture-ete-1024x247.jpg\" alt=\"\" class=\"wp-image-120\" srcset=\"https:\/\/gauledescoudans.fr\/wp-content\/uploads\/2023\/02\/ST-pisciculture-ete-1024x247.jpg 1024w, https:\/\/gauledescoudans.fr\/wp-content\/uploads\/2023\/02\/ST-pisciculture-ete-300x72.jpg 300w, https:\/\/gauledescoudans.fr\/wp-content\/uploads\/2023\/02\/ST-pisciculture-ete-768x185.jpg 768w, https:\/\/gauledescoudans.fr\/wp-content\/uploads\/2023\/02\/ST-pisciculture-ete-1536x370.jpg 1536w, https:\/\/gauledescoudans.fr\/wp-content\/uploads\/2023\/02\/ST-pisciculture-ete-2048x494.jpg 2048w\" sizes=\"auto, (max-width: 1024px) 100vw, 1024px\" \/><\/figure>\n\n\n\n<p><strong>Blottie sur les pentes de l&#8217;Outheran, b\u00e9n\u00e9ficiant d&#8217;une eau tr\u00e8s pure \u00e0 la temp\u00e9rature constante, la pisciculture a deux r\u00f4les bien diff\u00e9rents selon les p\u00e9riodes de l&#8217;ann\u00e9e : <\/strong>Au printemps et en \u00e9t\u00e9 elle accueille temporairement les truites arc-en-ciel (bandeau ci-dessus) destin\u00e9es \u00e0 \u00eatre rel\u00e2ch\u00e9es dans le Lac de la Pisserotte durant la belle saison.\u00a0 <strong><br>Sa mission est autrement importante d&#8217;octobre \u00e0 avril&#8230; <\/strong>Car se pratique ici une activit\u00e9 passionnante,<strong>\u00a0 l&#8217;assistance \u00e0 la reproduction des truites fario de la vall\u00e9e.<\/strong><\/p>\n\n\n\n<p class=\"has-large-font-size\"><em>Pourquoi aleviner ?<\/em><\/p>\n\n\n\n<p><strong>Selon les secteurs, en fonction de divers facteurs agissant sur la survie des alevins (temp\u00e9rature de l&#8217;eau, crues hivernales plus ou moins fortes, qualit\u00e9 du fond de gravier), la reproduction naturelle est satisfaisante ou pas. <\/strong>Sur les t\u00eates de ruisseau, par exemple, la temp\u00e9rature de l&#8217;eau est plut\u00f4t favorable (6 \u00e0 8\u00b0) alors qu&#8217;elle est beaucoup plus basse sur l&#8217;Hy\u00e8res (2 \u00e0 4\u00b0), ce qui entra\u00eene une incubation deux fois plus longue et des risques ainsi multipli\u00e9s. Autrement dit, la reproduction naturelle est parfaite dans certains endroits, et plus difficile en d&#8217;autres. C&#8217;est alors ici que nous intervenons&#8230;<\/p>\n\n\n\n<p><strong>Un peu d&#8217;histoire pour mieux comprendre la suite&#8230; <\/strong><em>(d&#8217;apr\u00e8s un article de Mr R. Martin sur le bulletin annuel 1999 de la Gaule des Coudans).<\/em> Initialement existaient en France <strong>deux types de truites farios : l&#8217;oc\u00e9anique et la m\u00e9diterran\u00e9enne<\/strong>, en fonction de leur habitat tout simplement : ruisseaux coulant vers l&#8217;ouest pour les unes, vers le sud pour les autres ! Au XIX\u00e8me si\u00e8cle, croyant bien faire en alevinant, l&#8217;homme a m\u00e9lang\u00e9 les souches, un moindre mal si l&#8217;on compare \u00e0 ce qui s&#8217;est fait par la suite&#8230;<\/p>\n\n\n\n<p>En effet, vers 1950 ont \u00e9t\u00e9 l\u00e2ch\u00e9es <strong>des truites provenant d&#8217;Europe de l&#8217;Est<\/strong>, \u00e0 fort potentiel de rentabilit\u00e9 par un grossissement rapide. Une belle qualit\u00e9 pour les \u00e9levages certes, mais les <strong>truites se sont montr\u00e9es parfaitement inadapt\u00e9es \u00e0 la survie en rivi\u00e8re !<\/strong> Un comble !<\/p>\n\n\n\n<p><strong>Quant \u00e0 la souche initiale sauvage, elle avait pratiquement disparue !<\/strong><\/p>\n\n\n\n<p>Depuis 1989 et durant une dizaine d&#8217;ann\u00e9e, la Gaule des Coudans a tout d&#8217;abord <strong>r\u00e9introduit des alevins de souche sauvage <\/strong>pour rem\u00e9dier au probl\u00e8me. <strong>Les oeufs provenaient de la Meuse et effectuaient leur incubation au laboratoire de la pisciculture<\/strong>. Ainsi la population de truites fario se montra fort bien adapt\u00e9e au milieu.<\/p>\n\n\n\n<p><strong>Il fut alors d\u00e9cid\u00e9 d&#8217;aleviner directement uniquement \u00e0 partir de cette souche sauvage de notre vall\u00e9e.\u00a0<\/strong><\/p>\n\n\n\n<p><\/p>\n\n\n\n<p class=\"has-large-font-size\"><em>Et comment \u00e7a se passe ?<\/em><\/p>\n\n\n\n<p>Plusieurs \u00e9tapes sont n\u00e9cessaires :<\/p>\n\n\n\n<p><strong>&#8211; la reprise des g\u00e9niteurs <\/strong>dans l&#8217;Hy\u00e8res, <strong>en octobre, novembre.<\/strong><\/p>\n\n\n\n<p><strong>&#8211; la ponte et la f\u00e9condation <\/strong>(rel\u00e2che imm\u00e9diate des g\u00e9niteurs le jour m\u00eame) <strong>en d\u00e9cembre, janvier.<\/strong><\/p>\n\n\n\n<p><strong>&#8211; la surveillance de l&#8217;incubation et la croissance des alevins au laboratoire<\/strong><\/p>\n\n\n\n<p class=\"has-text-align-left\"><strong> &#8211; le l\u00e2cher des alevins en mars.<\/strong><\/p>\n\n\n\n<p><\/p>\n\n\n\n<p class=\"has-large-font-size\"><em>La reprise des g\u00e9niteurs<\/em><\/p>\n\n\n\n<figure class=\"wp-block-image aligncenter size-full is-resized\"><img loading=\"lazy\" decoding=\"async\" src=\"http:\/\/gauledescoudans.fr\/wp-content\/uploads\/2023\/02\/Image1.png\" alt=\"\" class=\"wp-image-122\" width=\"439\" height=\"210\" srcset=\"https:\/\/gauledescoudans.fr\/wp-content\/uploads\/2023\/02\/Image1.png 473w, https:\/\/gauledescoudans.fr\/wp-content\/uploads\/2023\/02\/Image1-300x143.png 300w\" sizes=\"auto, (max-width: 439px) 100vw, 439px\" \/><\/figure>\n\n\n\n<p><strong>Les g\u00e9niteurs sont s\u00e9lectionn\u00e9s<\/strong> : ils ne doivent \u00eatre ni trop jeunes, ni trop \u00e2g\u00e9s afin qu&#8217;oeufs et semences soient de bonne qualit\u00e9. <strong>Cette activit\u00e9 est strictement encadr\u00e9e par la Loi<\/strong> : un arr\u00eat\u00e9 pr\u00e9fectoral, qui pr\u00e9cise divers crit\u00e8res&nbsp; doit \u00eatre obtenu pour ce faire.<\/p>\n\n\n\n<p>Les poissons sont attir\u00e9s par l&#8217;\u00e9mission d&#8217;un faible champ \u00e9lectrique et captur\u00e9s \u00e0 l&#8217;\u00e9puisette.<\/p>\n\n\n\n<p><strong>Attention <\/strong>: <strong>ne pas confondre p\u00eache \u00e0 l&#8217;\u00e9lectricit\u00e9, \u00e0 l&#8217;aide d&#8217;un &#8220;martin-p\u00eacheur&#8221;<\/strong> (nom du petit g\u00e9n\u00e9rateur)<strong> \u00e0 des vues scientifiques ou de sauvetage<\/strong> <em>(il est en effet possible, avec autorisation pr\u00e9fectorale, lors de grande s\u00e8cheresse de prendre ainsi les truites pi\u00e9g\u00e8es par la baisse des cours voire l&#8217;ass\u00e8chement partiel du ruisseau)<\/em> <strong>et la p\u00eache \u00e9lectrique des braconniers dont l&#8217;objectif est bien de tuer le poisson, quel qu&#8217;il soit, autre faune aquatique compris ! Rien \u00e0 voir !<\/strong><\/p>\n\n\n\n<p><strong>Ici, le poisson repart gaillard, d\u00e8s que le courant, de faible intensit\u00e9, cesse.<\/strong><\/p>\n\n\n\n<p>Les truites, d\u00e9nombr\u00e9es suivant l&#8217;autorisation, sont conduites \u00e0 la pisciculture jusqu&#8217;\u00e0 ce qu&#8217;elles soient pr\u00eates \u00e0 pondre, pour les femelles ou \u00e0 l\u00e2cher&nbsp; leur laitance, pour les m\u00e2les.<\/p>\n\n\n\n<p class=\"has-large-font-size\"><em>La ponte et la f\u00e9condation<\/em><\/p>\n\n\n\n<p>Les truites sont endormies, mesur\u00e9es et pes\u00e9es, les oeufs sont recueillis ainsi que la laitance. <strong><em>D\u00e9licatement m\u00e9lang\u00e9s, les oeufs sont f\u00e9cond\u00e9s. Quelques minutes plus tard, ils rejoignent les bacs incubateurs du petit laboratoire de la pisciculture pendant que les g\u00e9niteurs sont lib\u00e9r\u00e9s dans la rivi\u00e8re.<\/em><\/strong><\/p>\n\n\n\n<figure class=\"wp-block-image aligncenter size-full is-resized\"><img loading=\"lazy\" decoding=\"async\" src=\"http:\/\/gauledescoudans.fr\/wp-content\/uploads\/2023\/02\/Image4.png\" alt=\"\" class=\"wp-image-124\" width=\"363\" height=\"274\" srcset=\"https:\/\/gauledescoudans.fr\/wp-content\/uploads\/2023\/02\/Image4.png 368w, https:\/\/gauledescoudans.fr\/wp-content\/uploads\/2023\/02\/Image4-300x226.png 300w\" sizes=\"auto, (max-width: 363px) 100vw, 363px\" \/><figcaption class=\"wp-element-caption\">En lisi\u00e8re de for\u00eat, les bacs sont aliment\u00e9s par une source<\/figcaption><\/figure>\n\n\n\n<div class=\"wp-block-group has-global-padding is-layout-constrained wp-block-group-is-layout-constrained\">\n<p class=\"has-large-font-size\"><strong>L&#8217;incubation et la croissance au laboratoire<\/strong><\/p>\n<\/div>\n\n\n\n<figure class=\"wp-block-image alignright size-full is-resized\"><img loading=\"lazy\" decoding=\"async\" src=\"http:\/\/gauledescoudans.fr\/wp-content\/uploads\/2023\/02\/Image6.png\" alt=\"\" class=\"wp-image-127\" width=\"296\" height=\"223\" srcset=\"https:\/\/gauledescoudans.fr\/wp-content\/uploads\/2023\/02\/Image6.png 415w, https:\/\/gauledescoudans.fr\/wp-content\/uploads\/2023\/02\/Image6-300x226.png 300w\" sizes=\"auto, (max-width: 296px) 100vw, 296px\" \/><\/figure>\n\n\n\n<figure class=\"wp-block-image size-full is-resized\"><img loading=\"lazy\" decoding=\"async\" src=\"http:\/\/gauledescoudans.fr\/wp-content\/uploads\/2023\/02\/Image5-1.png\" alt=\"\" class=\"wp-image-126\" width=\"296\" height=\"224\" srcset=\"https:\/\/gauledescoudans.fr\/wp-content\/uploads\/2023\/02\/Image5-1.png 368w, https:\/\/gauledescoudans.fr\/wp-content\/uploads\/2023\/02\/Image5-1-300x227.png 300w\" sizes=\"auto, (max-width: 296px) 100vw, 296px\" \/><figcaption class=\"wp-element-caption\">les oeufs durant l&#8217;incubation                                                    Les &#8220;m\u00eames&#8221; pr\u00e8ts \u00e0 partir<\/figcaption><\/figure>\n\n\n\n<p><strong>L&#8217;incubation dure environ deux mois<\/strong>. Pendant la premi\u00e8re phase, les oeufs doivent \u00eatre dans l&#8217;obscurit\u00e9, bien au calme. Plus tard, on commence \u00e0 distinguer les yeux des embryons. A l&#8217;\u00e9closion, nos b\u00e9b\u00e9s poissons sont en r\u00e9alit\u00e9 des sortes de larves, incapables de nager, qui <strong>vivent sur les r\u00e9serve de la v\u00e9sicule situ\u00e9e sous leur ventre<\/strong> pendant environ un mois. <\/p>\n\n\n\n<p>Lorsque ce sac, dit vitellin, est r\u00e9sorb\u00e9, les alevins sont aptes \u00e0 rejoindre la rivi\u00e8re.<\/p>\n\n\n\n<figure class=\"wp-block-image size-large\"><img loading=\"lazy\" decoding=\"async\" width=\"1024\" height=\"549\" src=\"http:\/\/gauledescoudans.fr\/wp-content\/uploads\/2023\/02\/Image1-1-1024x549.png\" alt=\"\" class=\"wp-image-131\" srcset=\"https:\/\/gauledescoudans.fr\/wp-content\/uploads\/2023\/02\/Image1-1-1024x549.png 1024w, https:\/\/gauledescoudans.fr\/wp-content\/uploads\/2023\/02\/Image1-1-300x161.png 300w, https:\/\/gauledescoudans.fr\/wp-content\/uploads\/2023\/02\/Image1-1-768x412.png 768w, https:\/\/gauledescoudans.fr\/wp-content\/uploads\/2023\/02\/Image1-1-1536x823.png 1536w, https:\/\/gauledescoudans.fr\/wp-content\/uploads\/2023\/02\/Image1-1-2048x1097.png 2048w\" sizes=\"auto, (max-width: 1024px) 100vw, 1024px\" \/><\/figure>\n","protected":false},"excerpt":{"rendered":"<p>Blottie sur les pentes de l&#8217;Outheran, b\u00e9n\u00e9ficiant d&#8217;une eau tr\u00e8s pure \u00e0 la temp\u00e9rature constante, la pisciculture a deux r\u00f4les bien diff\u00e9rents selon les p\u00e9riodes de l&#8217;ann\u00e9e : Au printemps et en \u00e9t\u00e9 elle accueille temporairement les truites arc-en-ciel (bandeau ci-dessus) destin\u00e9es \u00e0 \u00eatre rel\u00e2ch\u00e9es dans le Lac de la Pisserotte durant la belle saison.\u00a0 [&hellip;]<\/p>\n","protected":false},"author":1,"featured_media":0,"parent":49,"menu_order":1,"comment_status":"closed","ping_status":"closed","template":"","meta":{"footnotes":""},"class_list":["post-118","page","type-page","status-publish","hentry"],"_links":{"self":[{"href":"https:\/\/gauledescoudans.fr\/index.php\/wp-json\/wp\/v2\/pages\/118","targetHints":{"allow":["GET"]}}],"collection":[{"href":"https:\/\/gauledescoudans.fr\/index.php\/wp-json\/wp\/v2\/pages"}],"about":[{"href":"https:\/\/gauledescoudans.fr\/index.php\/wp-json\/wp\/v2\/types\/page"}],"author":[{"embeddable":true,"href":"https:\/\/gauledescoudans.fr\/index.php\/wp-json\/wp\/v2\/users\/1"}],"replies":[{"embeddable":true,"href":"https:\/\/gauledescoudans.fr\/index.php\/wp-json\/wp\/v2\/comments?post=118"}],"version-history":[{"count":8,"href":"https:\/\/gauledescoudans.fr\/index.php\/wp-json\/wp\/v2\/pages\/118\/revisions"}],"predecessor-version":[{"id":133,"href":"https:\/\/gauledescoudans.fr\/index.php\/wp-json\/wp\/v2\/pages\/118\/revisions\/133"}],"up":[{"embeddable":true,"href":"https:\/\/gauledescoudans.fr\/index.php\/wp-json\/wp\/v2\/pages\/49"}],"wp:attachment":[{"href":"https:\/\/gauledescoudans.fr\/index.php\/wp-json\/wp\/v2\/media?parent=118"}],"curies":[{"name":"wp","href":"https:\/\/api.w.org\/{rel}","templated":true}]}}